. Let j = 199 + l. Let d = 222 + j. What is the tens digit of d?
7
Suppose 7*t = 15*t + 40. Let a(h) = -146*h - 98. What is the tens digit of a(t)?
3
Let t = -2391 + 8872. What is the hundreds digit of t?
4
Suppose -228*p = -263*p + 245910. What is the units digit of p?
6
Suppose 31*p - 5*j + 31 = 33*p, 5*p - 3*j = 0. Suppose 5*f - 1383 = -p*s, 0 = 5*f - 2*s + 131 - 1534. What is the tens digit of f?
7
Let n be 3/12*(-16)/(-4). Let l(h) = -h**2 + 3*h - 1. Let z be l(n). What is the units digit of z*17*(-1 + 2)?
7
Suppose 0 = 6*c - 90 - 132. Let g = 114 - c. Suppose x - g = 54. What is the hundreds digit of x?
1
What is the thousands digit of ((-369462)/(-20) - (-246)/(-410))*2?
6
Let n(u) = 143*u**3 + 14*u**2 - 11*u - 7. Let o(z) = 215*z**3 + 20*z**2 - 16*z - 11. Let l(m) = 7*n(m) - 5*o(m). What is the tens digit of l(-2)?
8
Let o = -1159 + 2446. What is the units digit of o?
7
Suppose -3410 = -9*x + 6058. Let q = x + -401. What is the hundreds digit of q?
6
Let c(x) = -2*x + 35. Suppose d + 2*j = -4*d + 39, 0 = -4*j + 8. What is the tens digit of c(d)?
2
Let a(m) = 1044*m + 1. Let g be a(1). Suppose 3 = l, 5*d + 3*l = 659 + g. Suppose 2*j + 0*j + 104 = q, 3*q + 3*j = d. What is the hundreds digit of q?
1
Suppose -2*h - 1 + 9 = 0. Let c be ((8/3)/h)/(1/3). Suppose -216 = -2*s - 6*b + b, b = -c*s + 208. What is the hundreds digit of s?
1
Let a(s) = -208*s + 32. Suppose -10*m - 114 = 9*m. What is the tens digit of a(m)?
8
Suppose 130*g = 128*g + 2, 4*g = 4*t - 216456. What is the thousands digit of t?
4
Let c = 89 + -31. Suppose 2*o + 2*o = 3*k + 68, -4*k = -2*o + 24. Let q = c + o. What is the tens digit of q?
7
Let b = 299 + -270. Suppose -4770 = -b*i + 14*i. What is the tens digit of i?
1
Let p(y) = y - 1. Let h(w) = -15*w - 3. Let r(c) = -2*h(c) - 6*p(c). Let b(s) = s**2 + 46*s + 532. Let f be b(-23). What is the tens digit of r(f)?
8
Suppose -8*j + 2381 = 429. Suppose 4*z + 12 = 0, -3*s + 5*z + 1265 + j = 0. What is the hundreds digit of s?
4
Suppose -5*v - k + 5*k = 1, -5*v + k = -11. Suppose 3*f - o = 915, 0 = -v*f + 2*o + 562 + 353. What is the units digit of f?
5
Suppose -29*v - 7*v = -23*v - 37206. What is the thousands digit of v?
2
Let x(z) = z**3 + 13*z**2 - 2*z - 6. Let a be x(-13). Let j be 4077/12 + 5/a. Suppose 13*m - 18*m = -j. What is the tens digit of m?
6
Let n = -679 - -1107. Suppose -640*t - n = -641*t. What is the hundreds digit of t?
4
Let k = -3383 + 19011. What is the units digit of k?
8
What is the tens digit of (6/8)/((-21)/(-21784)) + -8?
7
Let j(b) = 31*b**3 + b**2 + 3*b - 2. Let y be j(-3). Let q = -507 - y. What is the hundreds digit of q?
3
Let n(j) = j**3 - j**2 + 2*j - 5. Let w = -5 + 15. Let u = w - 5. What is the hundreds digit of n(u)?
1
Suppose -3*x + n - 6*n = -4125, -x - 4*n + 1368 = 0. Suppose -14*d = -18*d + x. What is the units digit of d?
5
What is the tens digit of (-2)/2*1/((-9)/((-286668)/(-4)))?
6
Let p(o) = -4*o + 2524. What is the thousands digit of p(90)?
2
Let u(b) = -b - 11. Suppose -2*h - 189 = 19*h. Let t be u(h). What is the units digit of (19/t)/(3/(-18))?
7
Let b be -3 - 4/((-16)/(-5))*-4. Suppose -4*s = -3*n + 110, n = 4*n - b*s - 112. What is the units digit of n?
8
Let g = -7800 + 14696. What is the hundreds digit of g?
8
Suppose -18 = 7*y - 39. Suppose -4*b = -2*s - 518, y*s - 384 = -6*b + 3*b. What is the tens digit of b?
2
Let r = -70 + 74. Let s be r/(-22) - (-52)/44. What is the tens digit of (0 + 154 - 1)*s?
5
Let u be (-4550)/25 + 10*(-4)/(-8). Let r = 125 + -247. Let q = r - u. What is the units digit of q?
5
Suppose 5*f = -r + 10, -5*f + 19 = 2*r - 1. Suppose 11*m - r*m - 662 = 0. What is the units digit of (-36)/270 - m/(-15)?
4
Let g(h) = -121*h**3 - 2*h**2 - h - 2. Suppose 14*u + 10 = 9*u. What is the hundreds digit of g(u)?
9
Let g be -4 + 6/(30/1955). Let s be (-2)/(g/(-192) + 2). What is the tens digit of -1*(2 + s)/(-2)?
6
Let o(l) = -l**3 - 82*l**2 - 97*l + 275. What is the tens digit of o(-82)?
2
Suppose 8*t = -953 + 1137. Suppose -t*h = -18*h - 2070. What is the hundreds digit of h?
4
Let x = 142 + -141. What is the thousands digit of 1170 + -20 - x/2*-6?
1
Suppose -550 + 1630 = 27*i. What is the tens digit of i?
4
Let b(l) = -9*l - 168. Suppose m + 2*i = -35, 24*m + 113 = 20*m + i. What is the units digit of b(m)?
3
Let o(i) = 5*i**2 - 3 + 36*i + 1 + 3 - 5. Let s be o(-9). Let p = s - 0. What is the units digit of p?
7
Suppose 0 = 65*j - 61*j - 2*s - 61294, 3*s + 45981 = 3*j. What is the hundreds digit of j?
3
Let f(k) = -2*k**2 + 35*k + 26325. What is the units digit of f(0)?
5
Suppose -98*y - 629657 + 1556933 = 0. What is the thousands digit of y?
9
Let w(r) = 5*r**2 + 10*r + 6. Let i = 154 - 147. What is the units digit of w(i)?
1
Suppose -3*s + 4*o = 2*s - 53962, 0 = -5*s - 5*o + 53980. Suppose 5*c - s = -2*c. Suppose c = 5*a + 217. What is the units digit of a?
5
Let n(z) = z**2 + 10*z - 3. Let v be n(-9). Let w be 6/1 + v + 11. Suppose -4*j + 30 = 4*m + j, -w*j - 10 = 0. What is the tens digit of m?
1
Let z be 8/((-11)/(-33)*4/(-2)). Suppose -5*k - g + 40 = -2*g, -2*k - 1 = 3*g. What is the units digit of k/((-7)/(-45)) - z/3?
9
Let z be 16/88 + 62/22. What is the units digit of 973 + z*8/(-12) + 1?
2
Let b(s) = s**2 + 55. Suppose -23*y = -32*y + 198. What is the units digit of b(y)?
9
Suppose -43 = -2*m + 5*j, -3*m - j = -0*j - 73. Let t = m - 8. Suppose 7*r - 6*r = t. What is the tens digit of r?
1
Let p be -136 - 10*3/(-6). Let o = p + 217. What is the tens digit of o?
8
Let o be (-2 + 3)*(-3 + 4 + -1). Suppose 14 = 4*b - 3*p + p, o = -2*b + 3*p + 5. Suppose r + 420 - 59 = 3*t, -b*t + 479 = r. What is the hundreds digit of t?
1
Let g be (-2 - (-4 + -4)) + 0. Suppose -n - 6 = h, -3*h = 4*n - g*h + 3. What is the tens digit of 2 - (3 - 51) - (-9)/n?
4
Let b(c) = -7 + 5*c - c + 3 + 8. Let j be b(-1). Suppose 3*y + 12*y - 735 = j. What is the tens digit of y?
4
What is the tens digit of (208560/(-320))/((-2)/(-80)*-2)?
3
Let z(f) = -16436*f**3 + 3*f**2 - 267*f - 269. What is the units digit of z(-1)?
7
What is the units digit of (-1137)/1*(-107 + 105 - (-5)/3)?
9
Suppose -z = 3*r - 16, 2*r - 12 + 2 = 0. Suppose 2*u - z - 111 = 0. What is the units digit of u?
6
Suppose -4*a - 9*a + 549861 = 0. Suppose 42*d + 4161 - a = 0. What is the tens digit of d?
0
Suppose 0 = 2*h - 2, 13*h - 12950 = -2*t + 15*h. What is the tens digit of t?
7
Suppose 0 = -3*l - 5*m + 13645, 0 = 38*l - 39*l - m + 4547. What is the tens digit of l?
4
Suppose -2121*u - 987102 - 222330 = -2177*u. What is the hundreds digit of u?
5
Suppose 2*o = 22*l - 20*l + 26, -59 = -5*o + 4*l. Suppose 3*x = 0, -3*w - 3*x + 4*x = -2127. Suppose w - 191 = o*r. What is the units digit of r?
4
Suppose s + 2*w + 16 = 0, -6*s - 4*w = -5*s + 26. Let t(q) = 9*q**2 - 3*q + 13. What is the tens digit of t(s)?
5
Let p = -14 - -15. Let n be -1 + (p - 0) + 4. Suppose 0 = 3*i - g - 177, 0*g = -n*i + g + 237. What is the tens digit of i?
6
Suppose 5*m + 2*o + 225 = 567, -2*o + 272 = 4*m. Let n = 208 - m. What is the hundreds digit of n?
1
Let c = -17487 - -43412. What is the thousands digit of c?
5
Let c = 1225 - 677. Let n = -182 + c. What is the hundreds digit of n?
3
Let t(y) = -y**2 + 9*y + 8. Let d be t(5). Suppose -d*v + 32*v = 20. Suppose v*o - o - 560 = 0. What is the hundreds digit of o?
1
Let u(f) be the second derivative of f**3 - 13*f**2 + 41*f. Let c be u(5). Suppose 23 - 192 = -3*b - 4*h, -c*b + 234 = h. What is the tens digit of b?
5
Let p(m) = -m**2 + 2*m + 3. Let a be p(0). Suppose 0 = a*o + o + 1096. Let u = -147 - o. What is the tens digit of u?
2
What is the thousands digit of (3466816/(-1064))/(6/(-21))?
1
Let u(y) = y**2 - 17*y + 55. Let k be u(6). Let o(x) be the first derivative of x**4/4 + 4*x**3 + 4*x**2 - 8*x - 1. What is the units digit of o(k)?
5
Let g be (-175)/(-7) - 6 - -1. Suppose 0 = -5*v + g, -4*m = v + 3*v - 1016. What is the tens digit of m?
5
Let d(i) be the second derivative of i**4/6 + 2*i**3 + 62*i**2 - 127*i. What is the units digit of d(-19)?
8
Let j(w) = 68*w + 113. Let m be j(22). Suppose 0 = -12*u + 1235 + m. What is the hundreds digit of u?
2
Suppose 0 = -5*n - 3*u + 2480, -u - 20 = 3*u. What is the tens digit of n?
9
Let v = 329 - 503. What is the hundreds digit of 27